 of c?
8
Let j = 25 + -35. What is the units digit of j/(-6) + (-368)/(-6)?
3
Suppose 0 = 4*f + 109 - 113. What is the units digit of (6/(-18))/(f/(-759 + 0))?
3
Let z = -34 + 46. Let f = z + 58. What is the units digit of f?
0
Suppose -3*b = -2*y - 10 + 33, y - 3*b - 19 = 0. Let v = 4 - y. Suppose z = -5*a + 41, v = -2*a - 4*z + 8 + 12. What is the units digit of a?
8
Suppose 185 = 2*m + f, -m - 5*f + 3*f = -94. Suppose -8*v + 12*v + m = 0. Let d = v + 87. What is the tens digit of d?
6
Let v = 9 - 5. Suppose v*b - b - 138 = -3*x, 0 = -4*x. Let u = b + -18. What is the units digit of u?
8
Let a = 3773 + -1422. What is the thousands digit of a?
2
Let k = 2868 - 1612. What is the hundreds digit of k?
2
Let z(b) = 481*b - 184. What is the tens digit of z(5)?
2
Let i = -20 + 23. Suppose 3*b = 4*x - 18, 2*x - 11 = b - i. What is the tens digit of x - (1 + 108/(-4))?
2
Suppose 4*v + 3*c - 12 = 0, 14 = -5*v + c + 29. Suppose -v*b = -0*b - 57. Let o = 31 - b. What is the units digit of o?
2
Let k = -2678 - -3973. What is the tens digit of k?
9
Let y be -5 + 3 + 0/(-1). Let p(n) = 31*n**2. Let k be p(y). Suppose -k = -4*o - 0*o. What is the tens digit of o?
3
Let l = -22 + 31. Let p = 14 - l. Suppose 2*n = p*b - 236, -5*n - 15 = -0*n. What is the units digit of b?
6
Let f be (5 + (-3)/(-1))/(-1). Suppose -10*n - 36 = -4*n. What is the units digit of (4/n)/(f/348)?
9
Suppose -5*b = 5*u - 2 + 27, 0 = 3*u + 4*b + 17. Let k = -11 + u. What is the tens digit of 4/k - 456/(-28)?
1
Suppose c = 4, -3*l + 51 = -0*c + 3*c. What is the units digit of 3 + l/(-5) - (-446)/10?
5
Let s(k) = -k**3 - 18*k**2 - 52*k - 4. What is the hundreds digit of s(-17)?
5
Suppose 826 = 7*q - 1869. Suppose 3*t - q = -4*l + 9*l, -2*t + 3*l = -256. What is the hundreds digit of t?
1
Let i be (-2 + 17/3)*-3. Let u = 945 + -887. What is the tens digit of (-44)/i + (u - 1)?
6
Suppose -10826 - 6805 = -9*h. What is the tens digit of h?
5
Let q(s) = -6*s - 2. Let g(c) = -5*c - 2. Let z(a) = 7*g(a) - 6*q(a). Let i be z(5). Suppose -5*f + 2*f + i = 0. What is the units digit of f?
1
Suppose -3*t + 720 = q - 474, 3*t = 4*q - 4806. What is the units digit of q?
0
Let r(q) = q**2 - 2*q + 1. Let i be r(5). Suppose 17*m - 2 = i*m. What is the tens digit of m*(-32)/(-12)*3?
1
Let g(l) = l**3 + 14*l**2 + 8*l - 26. Let w be g(-14). Let z = w - -386. What is the units digit of z?
8
Suppose -b + 5*v + 1238 = b, 3*b - 1839 = 3*v. What is the hundreds digit of b?
6
Suppose 0 = -12*j + 1521 + 2151. What is the hundreds digit of j?
3
Let v = -396 - -1062. What is the hundreds digit of v?
6
Suppose 2964 = 10*t + 74. Suppose -6*y = -275 - t. What is the units digit of y?
4
Let i = -28 - -29. What is the units digit of (15 + -9)*1/i*4?
4
Let m(q) = -q. Let u be m(-1). Suppose 0 = -s + 7*n - 3*n, -5*n = s - 9. Suppose 3*c = s*t - 3*t + 35, 0 = -t + u. What is the units digit of c?
2
Let s = -63 - -69. Suppose -s*j - 70 = -7*j. What is the tens digit of j?
7
Suppose 1859 - 235 = -8*b. Let z = 332 + b. What is the units digit of (-1)/(z/66 - 2)?
2
Suppose -2*r = 2*y + 2, -3*r + 9*y = 5*y - 18. Suppose -3*h + 8*h = -r*t + 975, -4*h = t - 783. What is the tens digit of h?
9
Let r(v) = -v**2 + 8*v - 11. Let z be r(6). What is the hundreds digit of 804/6 - 1*-1*z?
1
Suppose -r - 4*q + 2268 = 0, 5*r - 7*r + 4492 = -3*q. What is the tens digit of r?
5
Let c(z) = -z**3 - 7*z**2 - 13*z - 3. Let b be c(-4). Suppose -r + 3*q = -0*r - b, -q - 12 = -2*r. What is the units digit of r?
7
Suppose 7*a - 12 = 5*a. Let y be 3/9*a - -1934. What is the tens digit of (-1)/7 - y/(-28)?
6
Let f = -19 + 31. Let o(u) = -6*u + 562*u**3 + 2*u**2 - 13*u**2 - 13 - 561*u**3. What is the units digit of o(f)?
9
Suppose -2*s = -3*r + 2, 5 = -4*r - r - 5*s. Let i = 9 + r. What is the units digit of i?
9
Suppose -50*b - 66 = -53*b. Suppose 16*w + 816 = b*w. What is the units digit of w?
6
Let r(t) = t**3 + 38*t**2 + 146*t - 20. What is the tens digit of r(-33)?
0
Let k(p) = 14*p + 33. What is the units digit of k(20)?
3
Let q = 839 + -355. Suppose -3*w = -c + 125, -2*w - q = -4*c - 6*w. What is the tens digit of c?
2
Let z = -964 + 2131. What is the tens digit of z?
6
Let s(b) = b**3 - 8*b**2 + 16*b - 37. What is the hundreds digit of s(13)?
0
Suppose -4*w = -3*p - p + 1236, -5*w - 301 = -p. What is the hundreds digit of p?
3
Let l(h) = -2*h - 22. Let n be l(-12). What is the units digit of 99/(((-15)/n)/(-5))?
6
Suppose -1085 = -5*o - 74*s + 69*s, 0 = -5*o + 5*s + 1055. What is the tens digit of o?
1
What is the units digit of (-982)/5*(-6 + 1)?
2
Let t(i) = -i + 2. Let s be t(2). Suppose s*a + 336 = 6*a. What is the units digit of a?
6
Suppose -3*u + 1124 = 2*i, -39*u + 2*i = -44*u + 1872. What is the units digit of u?
4
Suppose 1 - 28 = 9*o. Let f(p) = 1 + p - 4 + 2 + 6*p**2. What is the tens digit of f(o)?
5
Suppose -109 = -7*w + 388. Suppose -3*a = 2*y - w, y = 4*a + 43 - 2. What is the tens digit of y?
3
Let f(w) = -w**3 - 41*w**2 - 62*w - 166. What is the tens digit of f(-40)?
1
Let n(f) be the second derivative of -f**2 + 3*f + 0 - 2/3*f**3 + 1/6*f**4. What is the units digit of n(4)?
4
Let l = 51 + -47. Let q(p) = p**3 - 4*p**2 + 7*p - 14. What is the units digit of q(l)?
4
Let r(b) = -b**2 - 2*b - 83. Let o be r(0). Let k = 116 + o. Suppose -4*x + x = -k. What is the units digit of x?
1
Suppose -24*o = -25*o - 5*b + 166, 3*o + 4*b = 465. What is the hundreds digit of o?
1
Let t = -4 + 4. Suppose -33 = -n - t*n. What is the tens digit of n?
3
Let k(n) = n**3 - 2*n**2 + 2*n - 6. Let a be (-2 - -6) + 6/(-2). Let w = a - -3. What is the units digit of k(w)?
4
Suppose -4*q = -4*l - 0*l - 28, 4 = -4*l. Let z(s) = 2*s**2 + s + 1. Let c be z(-1). Suppose q*b - 64 = c*b. What is the tens digit of b?
1
Let v = -482 - -2012. What is the thousands digit of v?
1
Let o(i) = -i**3 - 8*i**2 + 3*i + 11. Let m be o(-10). Let z = -107 + m. What is the tens digit of z?
7
Suppose 9*q - 3001 = -931. What is the units digit of q?
0
Let g(f) = -f**2 + 6*f - 3. Let j be g(3). Let a = 73 + -45. Suppose 7*n - j*n - a = 0. What is the tens digit of n?
2
Let a(l) be the third derivative of l**4/24 + l**3/3 + 9*l**2. Let i(r) = -r**2 + 9*r - 6. Let h be i(7). What is the tens digit of a(h)?
1
Let g(i) = -7*i**3 + 18*i**2 - 26*i + 7. Let k(w) = 3*w**3 - 9*w**2 + 13*w - 4. Let j(f) = 2*g(f) + 5*k(f). What is the tens digit of j(9)?
1
Let s = 3603 + 350. What is the thousands digit of s?
3
Let k be (-1 + 102)*(4 - 6/2). Suppose k = 2*d - 3*f - 36, 198 = 3*d + 3*f. What is the tens digit of d?
6
Let x(r) = -r + 1 + 0*r + 12*r - 4. Suppose -z = 5*z - 24. What is the tens digit of x(z)?
4
Let n = -19 + 23. Suppose -w = -3*o - 10, 5*w + 2*o = n + 12. Suppose u - 16 = -w. What is the units digit of u?
2
Let j = 461 - 338. What is the hundreds digit of j?
1
Let b be 7/7*14*(-12)/14. Let v be 2*58/(1*-2). What is the units digit of 3/b*2*v?
9
Suppose c + 2*w = 3*w + 9, 0 = 4*c - 2*w - 26. Suppose 0 = 9*u - c*u. Suppose 9*p - 5*p - 44 = u. What is the units digit of p?
1
Suppose -386 = -3*j - t - t, 680 = 5*j - 4*t. Suppose -j = -30*q + 29*q. What is the tens digit of q?
3
Let x = 584 + -408. What is the tens digit of x?
7
Let l be (-1)/((-3)/(-30)) + -1 + 1. What is the units digit of 2/((-1)/26*(l + 8))?
6
Let r(g) = 155*g**3 - 3*g**2 + 4*g - 2. What is the units digit of r(1)?
4
Let f = 59 - 48. Suppose -f*h = -6*h - 110. What is the units digit of h?
2
Let d be (144 - 0) + -10 + 13. Suppose 7*t = -0*t + d. What is the units digit of t?
1
What is the hundreds digit of (2 + 24/(-15))/(18/16920)?
3
Suppose m - 4*h - 871 = 0, 8*m + 5*h = 4*m + 3589. What is the hundreds digit of m?
8
Let d be (-2)/((-5)/((-170)/(-4))). Suppose 5*r - 14 = -z, r + d = 6*r - 2*z. Suppose -r*k = 32 - 92. What is the units digit of k?
0
Let w(d) = d**3 + 37*d**2 - 89*d + 154. What is the tens digit of w(-39)?
8
Let d be (2 - 2)/(1 - 2). Suppose -4 = -2*h - d*h. Suppose 3*i = -j + 8, 6*j + h*i - 38 = 3*j. What is the units digit of j?
4
Suppose -319*r = -289*r - 6600. What is the units digit of r?
0
Let y(q) = -q**3 + 11*q**2 + 11*q + 14. Let d be y(12). Suppose 0 = -2*z + x + 13, z - 4*x - 16 = d*z. What is the units digit of z?
4
Let q = 18 + 58. What is the units digit of q?
6
What is the t